b = -13*b + v. Let z = 23 - b. Calculate the greatest common divisor of 8 and z.
2
Suppose 14*x - 1337 = 7*x. Suppose -x*l + 187*l + 56 = 0. Suppose 3*b + 2*r = 10, 3*r + 7 + 4 = 2*b. Calculate the highest common factor of b and l.
2
Suppose 148 = 9*u + 2353. Let o be 10*(0 - -1)*(-98)/u. Calculate the highest common divisor of o and 3.
1
Let b be ((2 - 3) + 11)*76/8. What is the highest common divisor of b and 40?
5
Let w(i) = i**2 - 2*i - 8. Let f be w(-4). Suppose -11*x - 300 = -f*x. Let c be 5/(30/8)*15. What is the highest common divisor of x and c?
20
Let a = 13706 - 13643. Calculate the greatest common divisor of a and 9.
9
Suppose i = -4*r + 1337, 2*r - 3*i - 318 = r. Let p(u) = 4*u**2 + 130*u - 1663. Let d be p(10). Calculate the greatest common divisor of d and r.
37
Let c = 13 - -5. Let x be 3 + c - (-1 - -1). What is the greatest common divisor of 7 and x?
7
Let w(c) = c + 5. Let p be w(-4). Let l be 4*-1*(p - (-4 - -9)). Calculate the highest common divisor of 4 and l.
4
Suppose -p + 3*d + 6 = 0, 3*d + 4 = 1. Let l = 49 + -27. Suppose i - 7 = -0*i + 2*u, -4*i + l = -5*u. Calculate the highest common factor of p and i.
3
Let l = -19116 - -19128. What is the greatest common factor of 11604 and l?
12
Let c(n) = 16*n**3 - 15*n**2 + 4*n + 9. Let d be c(1). Let p = -78 - -113. Suppose 3*r = -14 + p. What is the greatest common factor of d and r?
7
Let j be 80 - (-1)/(-2)*(-7 + 9)*-1. Suppose 144 = 2*r - 4*r. Let i = r + j. What is the highest common factor of 81 and i?
9
Suppose -4*y + 24 = 4*q, -21 = -4*y - 41. Calculate the highest common divisor of 374 and q.
11
Let n be 1*4/(-6)*6 + 240. Suppose -4*p - n = -344. Calculate the greatest common factor of p and 1.
1
Suppose 4*k = 5*o + 34, -3*k - o = 3*o - 10. Let d be 40/(-168)*-3 + 4/14. Let z be 12/5*(d + (-12)/(-8)). What is the greatest common divisor of k and z?
6
Let q = -3783 - -3799. Let p be 9/(-3)*-1*1. Let u(g) = -g + 5. Let l be u(p). Calculate the highest common divisor of l and q.
2
Let r be (33*-9 - (1 - 1)) + 5. Let f = -286 - r. Let w be ((-1)/(-3))/(2/18). What is the highest common factor of f and w?
3
Let c(n) = -2*n**2 + 2*n + 2016. Let o be c(0). What is the greatest common divisor of 21 and o?
21
Suppose d - 5*q - 458 = 0, 5*q - 1672 + 358 = -3*d. Let x = d + -267. Let v be (-32)/3*15/(-10). What is the greatest common divisor of x and v?
16
Let f be 20/130 + (-2590)/(-65). Let a be 2 + 0 - (5 + -6 - -10). Let c be (a - -6) + 1 + 40. What is the highest common factor of f and c?
40
Let w = -14738 + 17717. Calculate the greatest common divisor of 45 and w.
9
Let u = 13842 + -13752. What is the highest common factor of 550 and u?
10
Let i be ((-325)/(-26) + -12)/(1/(-2)). Let z be ((-6)/(-4))/(i + 6/4). Suppose 2*c = 2*f + c - 4, 3*c + 6 = 0. What is the highest common factor of z and f?
1
Let u = -11323 + 12796. Calculate the highest common divisor of 3 and u.
3
Suppose 4*r = k + 32, 2*k + 7*r + 53 = 4*r. Let u be 1/(3/(-18)) - k. Calculate the greatest common divisor of 682 and u.
22
Suppose -3*a - 56 = -206. Let q = 195 - 125. What is the highest common divisor of a and q?
10
Suppose -8*t - 3*q = -4*t - 4412, 4*t = 5*q + 4444. What is the greatest common divisor of t and 790?
158
Let a = -300 + 81. Let z = a + 226. Calculate the greatest common divisor of z and 8.
1
Let p = -59 - -89. Let q = -116 + 156. Calculate the highest common divisor of q and p.
10
Let h be 11/(-13) - -1 - (-27)/((-3159)/(-10278)). What is the highest common divisor of h and 319?
11
Let v be (12/90*3)/(2/25). Suppose 80 + 1 = 3*d + 5*h, -d = v*h - 27. What is the highest common divisor of 153 and d?
9
Suppose -4*f + 21 = -f. Let g be ((-3792)/(-66) - 9) + ((-64)/44 - -2). What is the highest common factor of f and g?
7
Suppose -3*s + 168 = i, 0 = -i - 5*s + 175 - 15. What is the greatest common divisor of 288 and i?
36
Suppose 3*z + 9 = 3*b, 3*b = z - 2*z + 17. Let a(k) = -144*k + 69*k + 77*k + z. Let i be a(5). Calculate the highest common divisor of 9 and i.
3
Let x be 2004 + 1/((-2)/12). Calculate the highest common divisor of x and 1110.
222
Let l = -1104 + 1360. Calculate the greatest common divisor of l and 544.
32
Let b be (1232/(-352))/(1/(-38)*3/75). Calculate the highest common divisor of b and 1463.
133
Let c(r) = 32 + 4*r + 34 - 13 + 46. Let g be c(15). Calculate the greatest common divisor of 106 and g.
53
Let p = 4630 + 385. What is the greatest common divisor of 85 and p?
85
Suppose 4 + 4 = 4*a, -d - 4*a + 12 = 0. Suppose -36*c = -32*c + d*j - 260, 2*c - 128 = -j. Calculate the greatest common factor of c and 504.
63
Let s be (-908)/(-5) - (-5 - (-92)/20). Suppose 4*f = f + 2*n + 137, 0 = 4*f - 3*n - s. Let g = 127 - f. What is the greatest common divisor of 8 and g?
8
Let c(m) = m**2 - 6*m + 10. Let s be c(4). Let r(t) = -4*t**2 + 184 + 2*t**2 + 14 + 3*t**s. Let y be r(0). Calculate the highest common factor of y and 18.
18
Let m be 189/45 - 1/5. Suppose -m*k - j + 663 = -k, -j + 3 = 0. What is the greatest common divisor of k and 165?
55
Let d = 52 + -14. Let g = -97 - d. Let s be g/(-18)*(-8)/(-6). What is the greatest common divisor of s and 5?
5
Let z be 32/(-6)*(-309)/206. Suppose x - 6 = -x. Suppose x + 7 = 5*f. What is the greatest common divisor of f and z?
2
Let v = 13508 - 13109. What is the highest common divisor of v and 114?
57
Suppose 9000 = 5*t - 2745. What is the highest common divisor of t and 162?
81
Let f(s) be the third derivative of -s**5/60 + 9*s**4/8 - 7*s**3/3 + 21*s**2 - 2. Let c be f(26). Calculate the greatest common divisor of c and 6.
6
Let d = 14724 - 14703. Calculate the greatest common factor of 249 and d.
3
Let x(u) = -13 + 28*u + 5*u**2 + 35*u - 54*u. Let j be x(-8). What is the greatest common factor of j and 423?
47
Let k be (-880)/(-2) + -30*6/(-180). What is the highest common divisor of k and 5145?
147
Let t be 4 + (113718/396 - 7/6). What is the highest common divisor of t and 15?
5
Suppose 7 - 1375 = -38*p. What is the highest common factor of p and 4626?
18
Let v(f) = -1053*f + 5287. Let d be v(5). Let i be -1*(-2 - 2*87). Calculate the greatest common factor of i and d.
22
Let w = -3755 + 9893. What is the greatest common factor of 124 and w?
62
Let g be (-5 - -5)/(-3 + 2). Let n be 28/5*(5 - g/(-6)). Calculate the highest common divisor of 42 and n.
14
Suppose 1439 - 1419 = 5*o. Suppose -10*i + 727 - 87 = 0. What is the highest common divisor of i and o?
4
Let t = -56 - -58. Suppose -15*w - t*w = -17. Calculate the greatest common divisor of w and 11.
1
Suppose 34 = -3*m - 4*r + 154, -m = 4*r - 40. Suppose 51*l - 30960 = 3*l. Let c = -635 + l. What is the highest common divisor of m and c?
10
Suppose 0 = -5*l + 895 + 65. Calculate the greatest common factor of l and 72.
24
Let g be (56/(-2))/(3724/(-3192)). Calculate the highest common divisor of g and 741.
3
Let j = 67 - 39. Suppose -u + j = 3. Let m be 2/((-36)/(-30))*15. What is the greatest common divisor of u and m?
25
Suppose -2*b + 14 = 5*b. Let f(r) = 2*r - 25*r**b + r**3 + 6*r**2 + 326 - 350. Let y be f(19). What is the highest common factor of y and 98?
14
Let m be (-34)/6 - 7/21. Let i be 1 - (-5 - (m - -2)). Suppose 13*o + 2319 - 2553 = 0. Calculate the greatest common factor of i and o.
2
Let b = -976 + 1221. Calculate the greatest common factor of 25 and b.
5
Suppose 5*s + 2*w - 47 = 0, 3*s - 45 = -1391*w + 1394*w. What is the highest common factor of s and 11671?
11
Suppose -7*u + 10*u = 165. Let o = 28 + -18. Suppose -o*k + 11 = -9*k. What is the highest common divisor of k and u?
11
Suppose 5*q - 162 - 3093 = 0. Calculate the greatest common factor of q and 10633.
217
Suppose -2*z = 2*i - 1796, -369*i = -368*i + 3*z - 904. What is the highest common divisor of 1432 and i?
179
Let n be (2/8)/(98/16 + -6). Suppose -n*f + 176 - 6 = 0. What is the highest common factor of 51 and f?
17
Suppose 128088 = -30*a + 56*a + 10*a. What is the highest common divisor of a and 6?
6
Suppose -2*n + 1 + 1 = 0. Suppose 9*l - 7*l - 25 = -5*p, 4*l = 2*p - 10. Let x be p/((-140)/21)*-12. What is the highest common divisor of n and x?
1
Suppose 2*f + 13 - 53 = 3*n, -3*f = n - 60. Let k = f - 6. Let x(b) = -b + 74. Let p be x(-10). Calculate the highest common factor of k and p.
14
